e highest common divisor of 7084802 and 1996?
998
Calculate the highest common divisor of 4065084 and 60.
12
What is the highest common divisor of 14 and 314797?
7
What is the greatest common factor of 196342 and 20098?
1546
What is the highest common divisor of 1240 and 132184?
248
Calculate the greatest common divisor of 22507 and 71.
71
What is the highest common factor of 324 and 264?
12
Calculate the greatest common divisor of 3729 and 40680.
339
What is the greatest common factor of 128 and 1026464?
32
Calculate the greatest common divisor of 1944 and 7533.
243
Calculate the greatest common divisor of 380 and 178315.
95
Calculate the highest common divisor of 17612 and 28390.
34
What is the greatest common divisor of 20250 and 300?
150
What is the greatest common factor of 3879 and 477?
9
What is the highest common divisor of 6014 and 93?
31
What is the greatest common factor of 341 and 7546?
11
Calculate the greatest common factor of 25 and 36235.
5
What is the greatest common factor of 17072 and 592?
16
Calculate the highest common factor of 4015 and 1375.
55
What is the greatest common factor of 1007 and 152269?
53
Calculate the highest common divisor of 204 and 224.
4
What is the greatest common factor of 86272 and 1792?
256
What is the greatest common factor of 21 and 16569?
21
Calculate the greatest common factor of 101683 and 1564.
23
Calculate the greatest common divisor of 144 and 3343536.
144
What is the highest common factor of 4773 and 1677?
129
Calculate the highest common divisor of 456074 and 2934.
326
What is the greatest common divisor of 14652 and 1980?
396
What is the highest common divisor of 34 and 1006111?
17
What is the greatest common divisor of 16 and 4105392?
16
Calculate the greatest common divisor of 1440 and 284976.
144
Calculate the highest common divisor of 5430 and 1275.
15
Calculate the highest common divisor of 125 and 24125.
125
Calculate the greatest common divisor of 968 and 202796.
484
What is the greatest common divisor of 192 and 3744?
96
What is the greatest common factor of 77671 and 161?
23
Calculate the greatest common factor of 6400 and 6600.
200
Calculate the greatest common divisor of 48095 and 245.
5
Calculate the highest common divisor of 714 and 358666.
238
What is the greatest common divisor of 732 and 1517070?
366
What is the greatest common factor of 8282 and 4756?
82
Calculate the greatest common divisor of 56 and 156576.
56
Calculate the highest common divisor of 21098 and 847.
77
Calculate the greatest common factor of 4323 and 112791.
393
What is the greatest common factor of 74985 and 30?
15
Calculate the greatest common divisor of 7106 and 1052942.
418
What is the highest common divisor of 12 and 652317?
3
Calculate the greatest common divisor of 77 and 25711.
7
What is the highest common divisor of 22920 and 79560?
120
Calculate the highest common divisor of 98 and 3682.
14
Calculate the greatest common divisor of 3 and 4607.
1
What is the highest common divisor of 33 and 4137771?
33
What is the highest common divisor of 209 and 1060466?
209
Calculate the greatest common factor of 444 and 249.
3
What is the greatest common factor of 1485 and 6765?
165
What is the highest common factor of 32351 and 66011?
187
Calculate the highest common divisor of 174113 and 16635.
1109
Calculate the greatest common divisor of 131 and 1048524.
131
Calculate the greatest common divisor of 49848 and 8184.
744
What is the highest common factor of 32996 and 730?
146
What is the highest common factor of 17208 and 119500?
956
What is the greatest common divisor of 86000 and 100?
100
Calculate the greatest common factor of 1207631 and 113.
113
Calculate the highest common factor of 7469 and 45661.
77
Calculate the greatest common divisor of 2934 and 28362.
978
What is the highest common factor of 301068 and 36?
36
Calculate the highest common divisor of 45945 and 3.
3
Calculate the greatest common factor of 355 and 2438921.
71
What is the greatest common factor of 1068172 and 8?
4
What is the greatest common factor of 120 and 43368?
24
Calculate the highest common factor of 2279 and 5671.
53
Calculate the highest common divisor of 47394 and 18.
18
Calculate the highest common divisor of 200 and 4560.
40
What is the greatest common divisor of 38654 and 462?
154
What is the highest common factor of 97363 and 21?
7
What is the greatest common divisor of 715 and 91065?
65
Calculate the highest common factor of 5587 and 6031.
37
What is the highest common factor of 6794 and 4773?
43
What is the greatest common factor of 749315 and 2168?
271
Calculate the greatest common factor of 669 and 1135293.
669
Calculate the greatest common factor of 9 and 186918.
3
Calculate the highest common factor of 417 and 159.
3
Calculate the greatest common divisor of 168774 and 54.
6
What is the highest common divisor of 2891455 and 70?
35
Calculate the highest common divisor of 2 and 24974.
2
What is the highest common divisor of 517 and 167?
1
What is the greatest common divisor of 666 and 23022?
18
Calculate the greatest common factor of 5940 and 393228.
1188
Calculate the greatest common divisor of 840 and 7336.
56
Calculate the highest common factor of 790 and 4424.
158
Calculate the greatest common factor of 7182 and 122626.
266
What is the greatest common factor of 40065 and 135?
15
Calculate the highest common factor of 1990 and 2908982.
398
Calculate the highest common divisor of 20815 and 66065.
905
Calculate the highest common factor of 31344 and 336.
48
Calculate the greatest common factor of 154 and 333956.
14
Calculate the highest common divisor of 1375352 and 88.
88
Calculate the highest common divisor of 1900 and 173660.
380
What is the greatest common divisor of 18 and 286698?
6
What is the highest common divisor of 107560 and 1800?
40
What is the greatest common factor of 333 and 87579?
333
Calculate the highest common factor of 50676 and 3936.
492
Calculate the highest common factor of 18880 and 118.
118
What is the highest common factor of 591909 and 573?
573
What is the highest common factor of 606770 and 470?
470
What is the greatest common factor of 272 and 464304?
272
Calculate the greatest common factor of 111471 and 876.
219
Calculate the greatest common factor of 13912 and 2726.
94
What is the highest common divisor of 21808 and 7285?
47
What is the greatest common factor of 427 and 400099?
427
What is the greatest common factor of 465 and 570?
15
Calculate the greatest common factor of 88 and 440044.
44
Calculate the highest common factor of 182221 and 26.
13
What is the highest common factor of 301 and 581?
7
Calculate the highest common factor of 3592 and 1464.
8
What is the highest common divisor of 2595 and 1734325?
865
Calculate the greatest common divisor of 4095 and 70.
35
What is the greatest common factor of 7452 and 1058?
46
What is the highest common divisor of 918 and 31926?
102
What is the greatest common divisor of 93920 and 370?
10
Calculate the greatest common divisor of 137687 and 660.
11
What is the highest common factor of 320770 and 30?
10
Calculate the highest common divisor of 4063 and 2686.
17
Calculate the greatest common divisor of 4 and 1571020.
4
What is the highest common factor of 1184375 and 17055?
1895
Calculate the highest common divisor of 21235 and 58225.
685
What is the greatest common divisor of 721 and 1270711?
103
Calculate the greatest common divisor of 182580 and 595.
85
What is the greatest common factor of 7530 and 20?
10
Calculate the highest common divisor of 2542 and 6642.
82
What is the greatest common divisor of 819 and 70980?
273
Calculate the greatest common factor of 4006 and 116.
2
Calculate the greatest common factor of 20292 and 10680.
1068
What is the greatest common factor of 610062 and 68?
34
What is the greatest common factor of 364010 and 1335?
445
Calculate the highest common divisor of 2527 and 2109.
19
What is the highest common divisor of 707740 and 2?
2
Calculate the highest common factor of 102 and 32980.
34
What is the greatest common factor of 3355 and 8845?
305
What is the highest common factor of 311 and 3994484?
311
What is the greatest common divisor of 83076 and 43?
43
What is the highest common factor of 4875 and 73827?
39